{"id":7,"date":"2022-10-18T16:38:20","date_gmt":"2022-10-18T19:38:20","guid":{"rendered":"https:\/\/jdmsconsulting.com.br\/?page_id=7"},"modified":"2022-11-23T11:06:54","modified_gmt":"2022-11-23T14:06:54","slug":"sobre","status":"publish","type":"page","link":"https:\/\/jdmsconsulting.com.br\/?page_id=7","title":{"rendered":"Quem Somos"},"content":{"rendered":"\n<div class=\"wp-block-columns is-layout-flex wp-container-core-columns-is-layout-9d6595d7 wp-block-columns-is-layout-flex\">\n<div class=\"wp-block-column is-layout-flow wp-block-column-is-layout-flow\">\n<figure class=\"wp-block-image size-large is-resized\"><img loading=\"lazy\" decoding=\"async\" src=\"http:\/\/jdmsconsulting.com.br\/wp-content\/uploads\/2022\/10\/mbr-1920x1386-1-1024x739.jpg\" alt=\"\" class=\"wp-image-96\" width=\"427\" height=\"309\" srcset=\"https:\/\/jdmsconsulting.com.br\/wp-content\/uploads\/2022\/10\/mbr-1920x1386-1-1024x739.jpg 1024w, https:\/\/jdmsconsulting.com.br\/wp-content\/uploads\/2022\/10\/mbr-1920x1386-1-300x217.jpg 300w, https:\/\/jdmsconsulting.com.br\/wp-content\/uploads\/2022\/10\/mbr-1920x1386-1-768x554.jpg 768w, https:\/\/jdmsconsulting.com.br\/wp-content\/uploads\/2022\/10\/mbr-1920x1386-1-1536x1109.jpg 1536w, https:\/\/jdmsconsulting.com.br\/wp-content\/uploads\/2022\/10\/mbr-1920x1386-1.jpg 1920w\" sizes=\"auto, (max-width: 427px) 100vw, 427px\" \/><\/figure>\n<\/div>\n\n\n\n<div class=\"wp-block-column is-layout-flow wp-block-column-is-layout-flow\">\n<h2 class=\"wp-block-heading\">JDMS CONSULTING<\/h2>\n\n\n\n<p>Fundada por profissionais com vasta experi\u00eancia na \u00e1rea fiscal, legal e tecnol\u00f3gica, a JDMS Consulting Consultoria oferece servi\u00e7os de alta qualidade voltado para o mercado tribut\u00e1rio, em especial, no cumprimento de obriga\u00e7\u00f5es em layout digital como REINF, EFD ICMS\/IPI, EFD Contribui\u00e7\u00f5es e demais sistemas do Governo.<br>Somos uma empresa especializada na \u00e1rea tribut\u00e1ria, buscando continuamente a qualidade e efici\u00eancia para atender as expectativas e satisfa\u00e7\u00e3o de nossos clientes.<br>Temos como princ\u00edpios a transpar\u00eancia, qualidade, agilidade e efici\u00eancia.<br>Nossa equipe possui expertise nas \u00e1reas de atua\u00e7\u00e3o da nossa empresa, est\u00e3o sempre atualizados com a legisla\u00e7\u00e3o vigente e integrados aos sistemas de informa\u00e7\u00f5es de obriga\u00e7\u00f5es acess\u00f3rias exigidas pelo fisco.<\/p>\n<\/div>\n<\/div>\n\n\n\n<div class=\"wp-block-columns alignfull is-layout-flex wp-container-core-columns-is-layout-9d6595d7 wp-block-columns-is-layout-flex\">\n<div class=\"wp-block-column is-layout-flow wp-block-column-is-layout-flow\" style=\"flex-basis:50%\"><\/div>\n\n\n\n<div class=\"wp-block-column is-vertically-aligned-center is-layout-flow wp-block-column-is-layout-flow\" style=\"padding-top:1em;padding-right:1em;padding-bottom:1em;padding-left:1em\">\n<div class=\"wp-block-columns is-layout-flex wp-container-core-columns-is-layout-9d6595d7 wp-block-columns-is-layout-flex\">\n<div class=\"wp-block-column is-layout-flow wp-block-column-is-layout-flow\" style=\"flex-basis:320px\"><\/div>\n<\/div>\n<\/div>\n<\/div>\n","protected":false},"excerpt":{"rendered":"<p>JDMS CONSULTING Fundada por profissionais com vasta experi\u00eancia na \u00e1rea fiscal, legal e tecnol\u00f3gica, a JDMS Consulting Consultoria oferece servi\u00e7os de alta qualidade voltado para o mercado tribut\u00e1rio, em especial, no cumprimento de obriga\u00e7\u00f5es em layout digital como REINF, EFD ICMS\/IPI, EFD Contribui\u00e7\u00f5es e demais sistemas do Governo.Somos uma empresa especializada na \u00e1rea tribut\u00e1ria, buscando [&hellip;]<\/p>\n","protected":false},"author":1,"featured_media":0,"parent":0,"menu_order":0,"comment_status":"closed","ping_status":"closed","template":"","meta":{"footnotes":""},"class_list":["post-7","page","type-page","status-publish","hentry"],"_links":{"self":[{"href":"https:\/\/jdmsconsulting.com.br\/index.php?rest_route=\/wp\/v2\/pages\/7","targetHints":{"allow":["GET"]}}],"collection":[{"href":"https:\/\/jdmsconsulting.com.br\/index.php?rest_route=\/wp\/v2\/pages"}],"about":[{"href":"https:\/\/jdmsconsulting.com.br\/index.php?rest_route=\/wp\/v2\/types\/page"}],"author":[{"embeddable":true,"href":"https:\/\/jdmsconsulting.com.br\/index.php?rest_route=\/wp\/v2\/users\/1"}],"replies":[{"embeddable":true,"href":"https:\/\/jdmsconsulting.com.br\/index.php?rest_route=%2Fwp%2Fv2%2Fcomments&post=7"}],"version-history":[{"count":7,"href":"https:\/\/jdmsconsulting.com.br\/index.php?rest_route=\/wp\/v2\/pages\/7\/revisions"}],"predecessor-version":[{"id":185,"href":"https:\/\/jdmsconsulting.com.br\/index.php?rest_route=\/wp\/v2\/pages\/7\/revisions\/185"}],"wp:attachment":[{"href":"https:\/\/jdmsconsulting.com.br\/index.php?rest_route=%2Fwp%2Fv2%2Fmedia&parent=7"}],"curies":[{"name":"wp","href":"https:\/\/api.w.org\/{rel}","templated":true}]}}