{"id":177,"date":"2022-10-20T09:18:56","date_gmt":"2022-10-20T12:18:56","guid":{"rendered":"https:\/\/jdmsconsulting.com.br\/?page_id=177"},"modified":"2022-10-20T09:18:56","modified_gmt":"2022-10-20T12:18:56","slug":"nossos-cursos","status":"publish","type":"page","link":"https:\/\/jdmsconsulting.com.br\/?page_id=177","title":{"rendered":"Nossos Cursos"},"content":{"rendered":"\n<ul class=\"wp-block-list\"><li><strong>CURSOS E TREINAMENTOS PERSONALIZADOS &#8211;<\/strong>\u00a0Desenvolvemos sob demanda cursos \u201cIn Company\u201d para a capacita\u00e7\u00e3o de colaboradores das \u00e1reas fiscais, comercias e compras.\u00a0<strong>Veja alguns de nossos cursos:<\/strong><\/li><li><strong>EFD ICMS\/IPI e Contribui\u00e7\u00f5es\u00a0<\/strong>&#8211; Obrigatoriedade, Informa\u00e7\u00f5es a serem prestadas, C\u00e1lculos e poss\u00edveis cruzamentos entre as informa\u00e7\u00f5es transmitidas com dados reais da opera\u00e7\u00e3o da sua empresa.<\/li><li><strong>BLOCO G\u00a0<\/strong>&#8211; Treinamento voltado para o controle e apropria\u00e7\u00e3o do cr\u00e9dito de ICMS sobre o Ativo imobilizado.\u00a0<\/li><li><strong>Substitui\u00e7\u00e3o Tribut\u00e1ria<\/strong>\u00a0&#8211; Fundamentos e Conceitos, Responsabilidade tribut\u00e1ria, C\u00e1lculos nas opera\u00e7\u00f5es internas e interestaduais, Inaplicabilidade, Escritura\u00e7\u00e3o Fiscal, CEST e DIFAL.<\/li><li><strong>Emiss\u00e3o de Documentos Fiscais Eletr\u00f4nicos &#8211;<\/strong>\u00a0 Conceitos sobre o preenchimento das regras de valida\u00e7\u00e3o do fisco e tribut\u00e1ria com foco no cruzamento de informa\u00e7\u00f5es pelo fisco digital.<\/li><\/ul>\n","protected":false},"excerpt":{"rendered":"<p>CURSOS E TREINAMENTOS PERSONALIZADOS &#8211;\u00a0Desenvolvemos sob demanda cursos \u201cIn Company\u201d para a capacita\u00e7\u00e3o de colaboradores das \u00e1reas fiscais, comercias e compras.\u00a0Veja alguns de nossos cursos: EFD ICMS\/IPI e Contribui\u00e7\u00f5es\u00a0&#8211; Obrigatoriedade, Informa\u00e7\u00f5es a serem prestadas, C\u00e1lculos e poss\u00edveis cruzamentos entre as informa\u00e7\u00f5es transmitidas com dados reais da opera\u00e7\u00e3o da sua empresa. BLOCO G\u00a0&#8211; Treinamento voltado para [&hellip;]<\/p>\n","protected":false},"author":1,"featured_media":0,"parent":0,"menu_order":0,"comment_status":"closed","ping_status":"closed","template":"","meta":{"footnotes":""},"class_list":["post-177","page","type-page","status-publish","hentry"],"_links":{"self":[{"href":"https:\/\/jdmsconsulting.com.br\/index.php?rest_route=\/wp\/v2\/pages\/177","targetHints":{"allow":["GET"]}}],"collection":[{"href":"https:\/\/jdmsconsulting.com.br\/index.php?rest_route=\/wp\/v2\/pages"}],"about":[{"href":"https:\/\/jdmsconsulting.com.br\/index.php?rest_route=\/wp\/v2\/types\/page"}],"author":[{"embeddable":true,"href":"https:\/\/jdmsconsulting.com.br\/index.php?rest_route=\/wp\/v2\/users\/1"}],"replies":[{"embeddable":true,"href":"https:\/\/jdmsconsulting.com.br\/index.php?rest_route=%2Fwp%2Fv2%2Fcomments&post=177"}],"version-history":[{"count":1,"href":"https:\/\/jdmsconsulting.com.br\/index.php?rest_route=\/wp\/v2\/pages\/177\/revisions"}],"predecessor-version":[{"id":178,"href":"https:\/\/jdmsconsulting.com.br\/index.php?rest_route=\/wp\/v2\/pages\/177\/revisions\/178"}],"wp:attachment":[{"href":"https:\/\/jdmsconsulting.com.br\/index.php?rest_route=%2Fwp%2Fv2%2Fmedia&parent=177"}],"curies":[{"name":"wp","href":"https:\/\/api.w.org\/{rel}","templated":true}]}}